{"id":37,"date":"2021-01-01T18:30:27","date_gmt":"2021-01-01T17:30:27","guid":{"rendered":"https:\/\/sokol.strazov.cz\/?page_id=37"},"modified":"2021-01-01T18:30:27","modified_gmt":"2021-01-01T17:30:27","slug":"league-table","status":"publish","type":"page","link":"https:\/\/sokol.strazov.cz\/index.php\/league-table\/","title":{"rendered":"League Table"},"content":{"rendered":"<p>Toto je uk\u00e1zka Ligov\u00e1 tabulka. Jako nov\u00fd SportsPress u\u017eivatel, m\u016f\u017ee\u0161 j\u00edt na tvoji n\u00e1st\u011bnku ke smaz\u00e1n\u00ed Ligov\u00e1 tabulka a vytvo\u0159en\u00ed nov\u00e9ho Ligov\u00e9 tabulky tv\u00e9ho obsahu. Bavte se!<div class=\"sportspress\"><div class=\"sp-template sp-template-league-table\">\n\t<h4 class=\"sp-table-caption\">Ligov\u00e1 tabulka<\/h4><div class=\"sp-table-wrapper\"><table class=\"sp-league-table sp-league-table-31 sp-data-table sp-sortable-table sp-scrollable-table sp-paginated-table\" data-sp-rows=\"10\"><thead><tr><th class=\"data-rank\">Pos<\/th><th class=\"data-name\">T\u00fdm<\/th><\/tr><\/thead><tbody><tr class=\"odd sp-row-no-0\"><td class=\"data-rank\" data-label=\"Pos\">1<\/td><td class=\"data-name\" data-label=\"T\u00fdm\"><a href=\"https:\/\/sokol.strazov.cz\/index.php\/player\/david\/\">David<\/a><\/td><\/tr><tr class=\"even sp-row-no-1\"><td class=\"data-rank\" data-label=\"Pos\">1<\/td><td class=\"data-name\" data-label=\"T\u00fdm\"><a href=\"https:\/\/sokol.strazov.cz\/index.php\/player\/michal\/\">Michal<\/a><\/td><\/tr><tr class=\"odd sp-row-no-2\"><td class=\"data-rank\" data-label=\"Pos\">1<\/td><td class=\"data-name\" data-label=\"T\u00fdm\"><a href=\"https:\/\/sokol.strazov.cz\/index.php\/player\/zbynek\/\">Zbyn\u011bk<\/a><\/td><\/tr><\/tbody><\/table><\/div><\/div>\n<\/div><\/p>\n","protected":false},"excerpt":{"rendered":"<p>Toto je uk\u00e1zka Ligov\u00e1 tabulka. Jako nov\u00fd SportsPress u\u017eivatel, m\u016f\u017ee\u0161 j\u00edt na tvoji n\u00e1st\u011bnku ke smaz\u00e1n\u00ed Ligov\u00e1 tabulka a vytvo\u0159en\u00ed nov\u00e9ho Ligov\u00e9 tabulky tv\u00e9ho obsahu. Bavte se!<\/p>\n","protected":false},"author":1,"featured_media":0,"parent":0,"menu_order":0,"comment_status":"closed","ping_status":"closed","template":"","meta":{"_kad_post_transparent":"","_kad_post_title":"","_kad_post_layout":"","_kad_post_sidebar_id":"","_kad_post_content_style":"","_kad_post_vertical_padding":"","_kad_post_feature":"","_kad_post_feature_position":"","_kad_post_header":false,"_kad_post_footer":false,"_kad_post_classname":"","footnotes":""},"class_list":["post-37","page","type-page","status-publish","hentry"],"yoast_head":"<!-- This site is optimized with the Yoast SEO plugin v27.5 - https:\/\/yoast.com\/product\/yoast-seo-wordpress\/ -->\n<title>League Table - TJ Sokol Str\u00e1\u017eov<\/title>\n<meta name=\"robots\" content=\"index, follow, max-snippet:-1, max-image-preview:large, max-video-preview:-1\" \/>\n<link rel=\"canonical\" href=\"https:\/\/sokol.strazov.cz\/index.php\/league-table\/\" \/>\n<meta property=\"og:locale\" content=\"cs_CZ\" \/>\n<meta property=\"og:type\" content=\"article\" \/>\n<meta property=\"og:title\" content=\"League Table - TJ Sokol Str\u00e1\u017eov\" \/>\n<meta property=\"og:description\" content=\"Toto je uk\u00e1zka Ligov\u00e1 tabulka. Jako nov\u00fd SportsPress u\u017eivatel, m\u016f\u017ee\u0161 j\u00edt na tvoji n\u00e1st\u011bnku ke smaz\u00e1n\u00ed Ligov\u00e1 tabulka a vytvo\u0159en\u00ed nov\u00e9ho Ligov\u00e9 tabulky tv\u00e9ho obsahu. Bavte se!\" \/>\n<meta property=\"og:url\" content=\"https:\/\/sokol.strazov.cz\/index.php\/league-table\/\" \/>\n<meta property=\"og:site_name\" content=\"TJ Sokol Str\u00e1\u017eov\" \/>\n<meta name=\"twitter:card\" content=\"summary_large_image\" \/>\n<script type=\"application\/ld+json\" class=\"yoast-schema-graph\">{\"@context\":\"https:\\\/\\\/schema.org\",\"@graph\":[{\"@type\":\"WebPage\",\"@id\":\"https:\\\/\\\/sokol.strazov.cz\\\/index.php\\\/league-table\\\/\",\"url\":\"https:\\\/\\\/sokol.strazov.cz\\\/index.php\\\/league-table\\\/\",\"name\":\"League Table - TJ Sokol Str\u00e1\u017eov\",\"isPartOf\":{\"@id\":\"https:\\\/\\\/sokol.strazov.cz\\\/#website\"},\"datePublished\":\"2021-01-01T17:30:27+00:00\",\"breadcrumb\":{\"@id\":\"https:\\\/\\\/sokol.strazov.cz\\\/index.php\\\/league-table\\\/#breadcrumb\"},\"inLanguage\":\"cs\",\"potentialAction\":[{\"@type\":\"ReadAction\",\"target\":[\"https:\\\/\\\/sokol.strazov.cz\\\/index.php\\\/league-table\\\/\"]}]},{\"@type\":\"BreadcrumbList\",\"@id\":\"https:\\\/\\\/sokol.strazov.cz\\\/index.php\\\/league-table\\\/#breadcrumb\",\"itemListElement\":[{\"@type\":\"ListItem\",\"position\":1,\"name\":\"Home\",\"item\":\"https:\\\/\\\/sokol.strazov.cz\\\/\"},{\"@type\":\"ListItem\",\"position\":2,\"name\":\"League Table\"}]},{\"@type\":\"WebSite\",\"@id\":\"https:\\\/\\\/sokol.strazov.cz\\\/#website\",\"url\":\"https:\\\/\\\/sokol.strazov.cz\\\/\",\"name\":\"TJ Sokol Str\u00e1\u017eov\",\"description\":\"\",\"publisher\":{\"@id\":\"https:\\\/\\\/sokol.strazov.cz\\\/#organization\"},\"potentialAction\":[{\"@type\":\"SearchAction\",\"target\":{\"@type\":\"EntryPoint\",\"urlTemplate\":\"https:\\\/\\\/sokol.strazov.cz\\\/?s={search_term_string}\"},\"query-input\":{\"@type\":\"PropertyValueSpecification\",\"valueRequired\":true,\"valueName\":\"search_term_string\"}}],\"inLanguage\":\"cs\"},{\"@type\":\"Organization\",\"@id\":\"https:\\\/\\\/sokol.strazov.cz\\\/#organization\",\"name\":\"TJ Sokol Str\u00e1\u017eov\",\"url\":\"https:\\\/\\\/sokol.strazov.cz\\\/\",\"logo\":{\"@type\":\"ImageObject\",\"inLanguage\":\"cs\",\"@id\":\"https:\\\/\\\/sokol.strazov.cz\\\/#\\\/schema\\\/logo\\\/image\\\/\",\"url\":\"https:\\\/\\\/sokol.strazov.cz\\\/wp-content\\\/uploads\\\/2021\\\/01\\\/cropped-sokol.jpg\",\"contentUrl\":\"https:\\\/\\\/sokol.strazov.cz\\\/wp-content\\\/uploads\\\/2021\\\/01\\\/cropped-sokol.jpg\",\"width\":512,\"height\":512,\"caption\":\" TJ Sokol Str\u00e1\u017eov\"},\"image\":{\"@id\":\"https:\\\/\\\/sokol.strazov.cz\\\/#\\\/schema\\\/logo\\\/image\\\/\"}}]}<\/script>\n<!-- \/ Yoast SEO plugin. -->","yoast_head_json":{"title":"League Table - TJ Sokol Str\u00e1\u017eov","robots":{"index":"index","follow":"follow","max-snippet":"max-snippet:-1","max-image-preview":"max-image-preview:large","max-video-preview":"max-video-preview:-1"},"canonical":"https:\/\/sokol.strazov.cz\/index.php\/league-table\/","og_locale":"cs_CZ","og_type":"article","og_title":"League Table - TJ Sokol Str\u00e1\u017eov","og_description":"Toto je uk\u00e1zka Ligov\u00e1 tabulka. Jako nov\u00fd SportsPress u\u017eivatel, m\u016f\u017ee\u0161 j\u00edt na tvoji n\u00e1st\u011bnku ke smaz\u00e1n\u00ed Ligov\u00e1 tabulka a vytvo\u0159en\u00ed nov\u00e9ho Ligov\u00e9 tabulky tv\u00e9ho obsahu. Bavte se!","og_url":"https:\/\/sokol.strazov.cz\/index.php\/league-table\/","og_site_name":"TJ Sokol Str\u00e1\u017eov","twitter_card":"summary_large_image","schema":{"@context":"https:\/\/schema.org","@graph":[{"@type":"WebPage","@id":"https:\/\/sokol.strazov.cz\/index.php\/league-table\/","url":"https:\/\/sokol.strazov.cz\/index.php\/league-table\/","name":"League Table - TJ Sokol Str\u00e1\u017eov","isPartOf":{"@id":"https:\/\/sokol.strazov.cz\/#website"},"datePublished":"2021-01-01T17:30:27+00:00","breadcrumb":{"@id":"https:\/\/sokol.strazov.cz\/index.php\/league-table\/#breadcrumb"},"inLanguage":"cs","potentialAction":[{"@type":"ReadAction","target":["https:\/\/sokol.strazov.cz\/index.php\/league-table\/"]}]},{"@type":"BreadcrumbList","@id":"https:\/\/sokol.strazov.cz\/index.php\/league-table\/#breadcrumb","itemListElement":[{"@type":"ListItem","position":1,"name":"Home","item":"https:\/\/sokol.strazov.cz\/"},{"@type":"ListItem","position":2,"name":"League Table"}]},{"@type":"WebSite","@id":"https:\/\/sokol.strazov.cz\/#website","url":"https:\/\/sokol.strazov.cz\/","name":"TJ Sokol Str\u00e1\u017eov","description":"","publisher":{"@id":"https:\/\/sokol.strazov.cz\/#organization"},"potentialAction":[{"@type":"SearchAction","target":{"@type":"EntryPoint","urlTemplate":"https:\/\/sokol.strazov.cz\/?s={search_term_string}"},"query-input":{"@type":"PropertyValueSpecification","valueRequired":true,"valueName":"search_term_string"}}],"inLanguage":"cs"},{"@type":"Organization","@id":"https:\/\/sokol.strazov.cz\/#organization","name":"TJ Sokol Str\u00e1\u017eov","url":"https:\/\/sokol.strazov.cz\/","logo":{"@type":"ImageObject","inLanguage":"cs","@id":"https:\/\/sokol.strazov.cz\/#\/schema\/logo\/image\/","url":"https:\/\/sokol.strazov.cz\/wp-content\/uploads\/2021\/01\/cropped-sokol.jpg","contentUrl":"https:\/\/sokol.strazov.cz\/wp-content\/uploads\/2021\/01\/cropped-sokol.jpg","width":512,"height":512,"caption":" TJ Sokol Str\u00e1\u017eov"},"image":{"@id":"https:\/\/sokol.strazov.cz\/#\/schema\/logo\/image\/"}}]}},"jetpack_sharing_enabled":true,"_links":{"self":[{"href":"https:\/\/sokol.strazov.cz\/index.php\/wp-json\/wp\/v2\/pages\/37","targetHints":{"allow":["GET"]}}],"collection":[{"href":"https:\/\/sokol.strazov.cz\/index.php\/wp-json\/wp\/v2\/pages"}],"about":[{"href":"https:\/\/sokol.strazov.cz\/index.php\/wp-json\/wp\/v2\/types\/page"}],"author":[{"embeddable":true,"href":"https:\/\/sokol.strazov.cz\/index.php\/wp-json\/wp\/v2\/users\/1"}],"replies":[{"embeddable":true,"href":"https:\/\/sokol.strazov.cz\/index.php\/wp-json\/wp\/v2\/comments?post=37"}],"version-history":[{"count":1,"href":"https:\/\/sokol.strazov.cz\/index.php\/wp-json\/wp\/v2\/pages\/37\/revisions"}],"predecessor-version":[{"id":46,"href":"https:\/\/sokol.strazov.cz\/index.php\/wp-json\/wp\/v2\/pages\/37\/revisions\/46"}],"wp:attachment":[{"href":"https:\/\/sokol.strazov.cz\/index.php\/wp-json\/wp\/v2\/media?parent=37"}],"curies":[{"name":"wp","href":"https:\/\/api.w.org\/{rel}","templated":true}]}}